a - 19, -2*a - 2*u - 4 - 2 = 0. Let k be (-4)/2 - (2 + a). Give j(k).
8
Suppose -3*f - 2*f = -30. Suppose -4*l = -f*l + 6. Let b(g) = 2*g - g**3 - 2*g**l + 4*g**2 - 3 + 2*g**3 - 3*g. Give b(3).
3
Let a(f) = -f**3 - 6*f**2 + 7*f + 10. Let z be (4 + 5/(-1))*-1. Suppose t + z + 6 = 0. Calculate a(t).
10
Let y(o) = 2*o**2 - 5*o + 2. Let i(t) = t**3 + 2*t**2 - 2*t - 1. Let s be i(-2). What is y(s)?
5
Let q = 0 - 2. Let n(r) be the second derivative of r**5/20 + r**4/3 + r**3/6 + r**2 + r. Determine n(q).
8
Suppose 0*s + 11 = -3*k + s, -4 = s. Suppose n + 6 = -2*h + 2, 2*n - 5*h - 10 = 0. Let v = n - k. Let p(a) = -a**3 + 5*a**2 - a + 6. Give p(v).
1
Suppose 36 = 8*p - 14*p. Let x(v) = v - 7*v**2 - 5 - v**3 + v - 8*v. What is x(p)?
-5
Suppose 0 = o - 1 - 2. Suppose 0 = f - 0*f + q + o, 4*f + 13 = -5*q. Let i(j) = -j**3 + 2*j**2 + 3*j. Determine i(f).
10
Let u be -1 - (3 + -3)/3. Let s = u - 1. Let w(p) = -2*p**2 + 2. What is w(s)?
-6
Let p(s) = -19*s - 8 + 7*s + 8*s + s**2. Give p(6).
4
Suppose 15 - 23 = -4*a. Let j(z) = -4*z**2 + 3*z - 1. Determine j(a).
-11
Let y = -11 - -14. Let p(f) = f**2 - 4*f. Calculate p(y).
-3
Let z(j) = -2*j**2 - 4*j - 1. Let n(f) be the first derivative of f**4/4 + 7*f**3/3 + 4*f**2 + 9*f - 2. Let x be n(-6). What is z(x)?
-7
Suppose -4*x - 3 = -x. Let t(c) = -7*c**2 - 1. Determine t(x).
-8
Let r = 8 - 3. Suppose -2*d - 2 = -3*d. Suppose r*v = d + 3. Let b(p) = 3*p**3 + 2*p**2 - 2*p + 1. Calculate b(v).
4
Let q = 2 - 5. Let j(a) = -a**3 - 5*a**2 + 7*a + 8. Let p be j(-6). Let v(x) = x - 4*x - 3 + p. What is v(q)?
8
Let x(q) = q**2 - 9*q - 7. Let u be x(9). Let n(r) = 8*r + 4 + 0*r**3 - r**3 - 6*r**2 + 0*r**3. Determine n(u).
-3
Let r(a) = a + 5. Let t = 3 - -3. Let b = t - 11. What is r(b)?
0
Suppose -3*y + 6*y = 3. Let j = 2 - -1. Let u(m) = 1 + 0*m**j - m**3 + y - 4. Determine u(-2).
6
Let l be (4*45/80)/(9/12). Let h(y) = -3*y - 1. Determine h(l).
-10
Let g(r) = -33*r**3 - 5*r + 3. Let u(c) = -50*c**3 - 7*c + 4. Let i(k) = 7*g(k) - 5*u(k). What is i(-1)?
-18
Suppose -2*w = 3*f + 6 - 2, 5*f = 5*w + 10. Let u(k) = -k**2 - k + 1. Let g(m) = -3*m**2 - 3*m + 2. Let s(t) = 4*g(t) - 11*u(t). Give s(f).
-3
Let z(c) = -c**2 - c + 4. Let g be (-7 + 6)*(-1 - -1)/2. What is z(g)?
4
Let r(k) be the second derivative of k**5/20 + 5*k**4/6 - 11*k**3/6 - k**2/2 + 53*k. Determine r(-11).
-1
Let i(f) = -f**3 + 5*f**2 + 2*f**3 + 0*f + 3*f. Suppose 4*d - h + 8 = 0, d - 1 = 5*h - 3. Determine i(d).
6
Let w(y) be the second derivative of y**5/20 + 5*y**4/12 + y**3/6 - 3*y**2/2 - 37*y. What is w(-3)?
12
Let p(r) = -7*r**2 - 2*r. Let i be p(-1). Let l(y) = -y**2 - 7*y - 4. Give l(i).
6
Let o(a) = -a + 1. Let t(q) = q. Let g be -2 + (-1 - 0) + -2. Let c(m) = g*t(m) - 3*o(m). Suppose -3*x + 2 = 14. Calculate c(x).
5
Let k(z) = -2*z - 5. Let y = 0 - -3. Suppose a - y*a = 10. What is k(a)?
5
Let l(z) = -11*z + 2. Let f(a) = 10*a - 1. Let w(q) = 3*f(q) + 2*l(q). Give w(1).
9
Let g(f) = 2*f**2 + 2*f**3 - 2*f**2 + 2 - 2*f**2 - 21*f + 19*f. Give g(2).
6
Suppose 3*w + 0 = -3. Let i be (w - -4) + -3 + 2. Let z(n) = 10 - 2*n**i - n + 2*n**2 - n**2. Give z(0).
10
Let x(a) = a**2 + 4*a + 0*a**2 - a**2 + a**2. Determine x(-4).
0
Let f(q) = q**2 + 3*q. Suppose -2 = -s + 2. Suppose -3 = m, 5*a + s = -m - 9. Determine f(a).
-2
Let z(n) = -n**3 + n - 10. Let q be z(0). Let o = q + 16. Let w(y) = y - 4. Calculate w(o).
2
Suppose 2*m - 2*l = m + 22, 5*l = -m + 1. Let c = 15 - m. Let q(a) = 3*a**3 + a**2 - 1. Determine q(c).
-3
Suppose 0 = -2*u + 10 + 14. Suppose -10*t = -7*t + u. Let o(s) = -s**2 - 4*s - 1. Give o(t).
-1
Let u(w) = w**3 + w**2 - 2*w. Let m be u(-2). Let s(o) = -2*o + o + m*o - o**3. Give s(-1).
2
Let c(z) = -z**2 + z - 10*z - 5 + 3*z. Give c(-5).
0
Let g(o) = -o**3 - 8*o**2 + 6*o + 7. Let u(s) = s**2 - s - 1. Let j(h) = g(h) + 4*u(h). Let m be 10/15 - 14/3. Give j(m).
-5
Let f(c) = -c**2 - 9*c - 9. Let b be f(-7). Suppose y + b = 2*y. Let m(l) = l**3 - 6*l**2 + 6*l - 6. Give m(y).
-1
Let m(s) = 1 - s - 5 - 9 + 17. What is m(-4)?
8
Let q(p) = -p**3 + p**2 + 1. Let h be (30/9)/5*15. Suppose 0 = -h*b + 5*b + 5. Calculate q(b).
1
Suppose 8 = 2*c - 0*c. Let i(r) = -r + 5. Determine i(c).
1
Let l(t) be the second derivative of -t**5/20 + 5*t**4/12 + t**3/6 - t**2 - t. Let o(j) = -j**3 - 3*j**2 + 2*j - 3. Let h be o(-4). Determine l(h).
3
Let m(o) = 2*o**3 - 4*o**2 + o - 2. Suppose n = 4*s + 7, -3*s = -0*n - 2*n + 9. Determine m(n).
19
Let g(l) = l**2 - l - 5. Let a be g(4). Let b be -6*21/(-6)*9/21. Let p = a - b. Let o(i) = -i**2 + 2*i + 3. Give o(p).
-5
Let l(i) be the third derivative of -5*i**4/24 + 14*i**2. Determine l(2).
-10
Let u(z) = 2*z + 2. Let o = 4 + -5. Let p be (2/(-1) - o) + -2. Let k be u(p). Let r(m) = -m**3 - 5*m**2 - 7*m - 6. Determine r(k).
6
Suppose -5*q - 5*s + 5 = 0, -s - 1 = -5*q - 2*s. Suppose 0 = -q*t - 3*t - 6. Let a(z) = z**3 - 4*z - 3. What is a(t)?
-3
Let b(l) = l - 1. Let x(i) = -7. Let j(q) = -2*b(q) + x(q). Give j(-7).
9
Let c(t) = -7*t**3 - 6*t**2 + 8*t - 7. Suppose 2*u - 19 = -7. Let y(v) = v**3 + v**2 - v + 1. Let x(j) = u*y(j) + c(j). Let z = -3 - -5. What is x(z)?
-5
Let o(n) be the third derivative of n**6/60 - n**5/30 - n**4/24 + n**2. Suppose 0 = -31*r + 40*r - 18. Determine o(r).
6
Let a = -16 + 11. Let n(q) = -11*q + 9. Let o(b) = 4*b - 3. Let z(v) = -6*n(v) - 17*o(v). What is z(a)?
7
Let d(z) = z**3 + 5*z**2 + 2*z + 6. Let r = 11 - 16. Let q be d(r). Let x(w) be the first derivative of w**2/2 - 2*w - 1. What is x(q)?
-6
Let b be (16/(-12))/(4/(-6)). Let r(j) = j**3 - 2*j**2 - j. What is r(b)?
-2
Suppose 0*h + 8 = 4*h. Let f(x) = 2*x - 3. Let p be f(h). Let m(w) = 3*w**3 + 2*w**2 + 3. Let o(g) = -g**3 - 1. Let c(n) = m(n) + 4*o(n). Determine c(p).
0
Let z(t) = -15*t + 8. Let a(o) = 17*o - 9. Let u(n) = -6*a(n) - 7*z(n). Give u(-2).
-8
Suppose -4*i - 5*k + 2 = 0, -2*i + k + 8 = -0*i. Let f(o) = 9*o - o**3 - 4*o**2 + 11*o - 21*o + i. What is f(-4)?
7
Suppose -7*t + 4*t = -15. Let p(f) = 2*f - 4*f - 4*f + 1 + t*f. Let r = 3 - 0. Determine p(r).
-2
Let u(n) = -n**3 + 4*n**2 - 2*n - 2. Suppose -4*l = -2*z - 34, 3*l + z = 22 - 4. Suppose 3*y - 25 + l = -3*m, -3*m = -9. What is u(y)?
1
Suppose 0 = -2*i - 2 + 6. Let u(k) = -1 - 1 + 2 - 2*k**i - 4*k - 2. Determine u(-2).
-2
Let h(c) = -c**3 + 2*c**2 + c + 2. Let o(r) = -r**2 + 3. Let u be o(0). Give h(u).
-4
Let v = 4 - -5. Let p(r) = 11*r**2 - 11*r + 11. Let m(k) = -5*k**2 + 5*k - 5. Let w(a) = v*m(a) + 4*p(a). Determine w(2).
-3
Let n = -22 - -22. Let l(s) = -s**2 - 2. Give l(n).
-2
Suppose -q - 4*s + 15 = -7*s, 3*s + 15 = 0. Let k(v) be the third derivative of v**6/120 - v**4/24 - 7*v**3/6 - v**2. Determine k(q).
-7
Let a(b) = b**3 + 8*b**2 + 8*b - 2. Suppose -v + 2*x - 13 = -6, -14 = 2*v + 2*x. Calculate a(v).
-9
Let i(f) = f**2 + 6*f - 4. Let r(v) = v**3 + 4*v**2 - 3*v + 5. Let t = -1 - 4. Let u be r(t). Give i(u).
-9
Let u(f) = f**2 + 5 + f - 13 + 20. Give u(0).
12
Let y(d) = d - 9. Let l(n) = 3*n - 19. Let i(g) = 6*l(g) - 13*y(g). Give i(-3).
-12
Suppose -2*o - 5*v + 26 = 0, -4*v - 1 = -2*o - 11. Let s(m) = o*m - 4 - 2 + 3. Determine s(3).
6
Let b(r) be the first derivative of r**3/3 - 3*r**2/2 + 3*r - 7. Determine b(4).
7
Let b(x) = 4*x + 6 - 3*x - 3*x. Let a = 14 - 5. Suppose -5*h + 2*t = -22, 2*h - a = -4*t + 5*t. Give b(h).
-2
Let x(b) = 5*b**2 - b**3 + 0*b**2 - 3 + 9 + 154*b - 150*b. What is x(6)?
-6
Suppose 2*g + 12 = 4*w + 4, 4*w = -3*g - 12. Let l(a) = -3*a - 5. What is l(g)?
7
Let x(a) = 4*a + 8. Let q be (-88)/16 + 2/4. Let f(y) = -3*y - 7. Let t(o) = q*f(o) - 4*x(o). Calculate t(7).
-4
Let x(n) be the first derivative of n**5/20 + n**4/2 + n**3/6 + 3*n**2 - 5*n + 2. Let b(g) be the first derivative of x(g). Give b(-6).
0
Suppose o - 8 = -3*o. Let u(s) = 6*s + 2*s**2 - s**3 + 0 - 4 + o*s**2. What is u(5)?
1
Let l(v) = v. Let g(x) be the third derivative of x**4/24 - x**3/2 + 2*x**2. Let s be g(6). Let i be l(s). Let z(o) = -2*o + 2. Give z(i).
-4
Let w(l) = 38*l + 43*l + 1 - 83*l. Determine w(3).
-5
Let s be (2 + -1 - -1)*2. Suppose -2*y = -8 - 0. Let c(k) = k**2 + s*k - 4 - 3 + y. Determine c(-4).
-3
Suppose 0 = i - 3, 5*u + 4*i = u - 8. Let o(z) be the second derivative of 2*z**3/3 + 3*z**2 + z. Give o(u).
-14
Suppose -4*x = -3*x + 2. Let q(r)